{"id":1219,"date":"2014-05-01T00:01:44","date_gmt":"2014-05-01T00:01:44","guid":{"rendered":"http:\/\/www.centroascolto.net\/?page_id=2"},"modified":"2024-01-31T11:20:51","modified_gmt":"2024-01-31T10:20:51","slug":"chi_siamo","status":"publish","type":"page","link":"https:\/\/www.centroascolto.net\/studio\/index.php\/chi_siamo\/","title":{"rendered":"Chi Siamo"},"content":{"rendered":"<p><strong>Centro Ascolto, <\/strong>Studio Psicologi Associati;<br \/>\nIl Centro Ascolto offre sul proprio territorio un servizio qualificato nell\u2019ambito della prevenzione e della cura del disagio psicologico.<br \/>\nNasce nel 2003 ad Aversa (CE), una piccola realt\u00e0 che nel tempo si estende aprendosi a varie discipline del benessere con l\u2019intento di offrire un luogo in cui offrire ascolto empatico.<br \/>\nL\u2019obbiettivo \u00e8 di perseguire il benessere psicologico della persona, Persona intesa come realt\u00e0 psichica corporea e sociale e di raggiungere un miglioramento della qualit\u00e0 della vita individuale, familiare, sociale e professionale.<br \/>\nLo studio si avvale della professionalit\u00e0 di un\u2019equipe di psicologi, psicoterapeuti di diversa formazione.<br \/>\nNel campo sociale lo staff del Centro \u00e8 impegnato nel volontariato.<\/p>\n<p><strong>RESPONSABILE<\/strong><\/p>\n<p><strong>Dott. Giuseppe Sequino<\/strong><\/p>\n<p><strong>Psicologo indirizzo Clinico e di Comunit\u00e0;<\/strong><\/p>\n<ul>\n<li>Licenciado en Psicolog\u00eda (Espa\u00f1a);<\/li>\n<li>Psicologo volontario ANDOS odv Comitato di Aversa (CE)<\/li>\n<li>MNCP UK, NCP Snr Accred of Full Membership, registration number 305195;<\/li>\n<li>SQHP (Senior Qualification in Hypnotherapy Practice) UK, GHR registered 5508;<\/li>\n<li>Certified Hypnotist AAH;<\/li>\n<li>Responsabile del <a title=\"Visita il sito E.I.C.T.\" href=\"http:\/\/www.eictherapies.it\/eict\/\" target=\"_blank\" rel=\"noopener noreferrer\">E.I.C.T<\/a>.;<\/li>\n<li>Responsabile Centro Ascolto Psicologi Associati, Aversa (CE);<\/li>\n<li>Licensed Hypno-Band Practitioner;<\/li>\n<li>Director of &#8220;London School of Hypnotherapy Psychotherapy and Counselling&#8221; LTD.-UK.<\/li>\n<li>Director of SEMTHERAPY LTD- London (UK).<\/li>\n<\/ul>\n<p><strong>Collaboratori<\/strong><\/p>\n<p><strong>Dott.ssa Nicoletta De Stefano<\/strong><\/p>\n<p><strong>Dott.ssa Antonella Mazzara<\/strong><\/p>\n<p><strong>Dott.ssa Chiara Esposito Aiardo<\/strong><\/p>\n<p><strong>Dott.ssa Margherita Asterope<\/strong><\/p>\n<p><strong>Dott.ssa Paola Realino<\/strong><\/p>\n","protected":false},"excerpt":{"rendered":"<p>Centro Ascolto, Studio Psicologi Associati; Il Centro Ascolto offre sul proprio territorio un servizio qualificato nell\u2019ambito della prevenzione e della cura del disagio psicologico. Nasce nel 2003 ad Aversa (CE), una piccola realt\u00e0 che nel tempo si estende aprendosi a varie discipline del benessere con l\u2019intento di offrire un luogo in cui offrire ascolto empatico. L\u2019obbiettivo \u00e8 di perseguire il benessere psicologico della persona, Persona intesa come realt\u00e0 psichica corporea e sociale e di raggiungere un miglioramento della qualit\u00e0 della vita individuale, familiare, sociale e professionale. Lo studio si avvale della professionalit\u00e0 di un\u2019equipe di psicologi, psicoterapeuti di diversa formazione. Nel campo sociale lo staff del Centro \u00e8 impegnato nel volontariato. RESPONSABILE Dott. Giuseppe Sequino Psicologo indirizzo Clinico e di Comunit\u00e0; Licenciado en Psicolog\u00eda (Espa\u00f1a); Psicologo volontario ANDOS odv Comitato di Aversa (CE) MNCP UK, NCP Snr Accred of Full Membership, registration number 305195; SQHP (Senior Qualification in Hypnotherapy Practice) UK, GHR registered 5508; Certified Hypnotist AAH; Responsabile del E.I.C.T.; Responsabile Centro Ascolto Psicologi Associati, Aversa (CE); Licensed Hypno-Band Practitioner; Director of &#8220;London School of Hypnotherapy Psychotherapy and Counselling&#8221; LTD.-UK. Director of SEMTHERAPY LTD- London (UK). Collaboratori Dott.ssa Nicoletta De Stefano Dott.ssa Antonella Mazzara Dott.ssa Chiara Esposito Aiardo Dott.ssa Margherita Asterope Dott.ssa Paola Realino<\/p>\n","protected":false},"author":1,"featured_media":0,"parent":0,"menu_order":1,"comment_status":"closed","ping_status":"closed","template":"","meta":{"footnotes":""},"class_list":["post-1219","page","type-page","status-publish","hentry"],"yoast_head":"<!-- This site is optimized with the Yoast SEO plugin v26.1.1 - https:\/\/yoast.com\/wordpress\/plugins\/seo\/ -->\r\n<title>Chi Siamo - Centro Ascolto<\/title>\r\n<meta name=\"robots\" content=\"index, follow, max-snippet:-1, max-image-preview:large, max-video-preview:-1\" \/>\r\n<link rel=\"canonical\" href=\"https:\/\/www.centroascolto.net\/studio\/index.php\/chi_siamo\/\" \/>\r\n<meta property=\"og:locale\" content=\"it_IT\" \/>\r\n<meta property=\"og:type\" content=\"article\" \/>\r\n<meta property=\"og:title\" content=\"Chi Siamo - Centro Ascolto\" \/>\r\n<meta property=\"og:description\" content=\"Centro Ascolto, Studio Psicologi Associati; Il Centro Ascolto offre sul proprio territorio un servizio qualificato nell\u2019ambito della prevenzione e della cura del disagio psicologico. Nasce nel 2003 ad Aversa (CE), una piccola realt\u00e0 che nel tempo si estende aprendosi a varie discipline del benessere con l\u2019intento di offrire un luogo in cui offrire ascolto empatico. L\u2019obbiettivo \u00e8 di perseguire il benessere psicologico della persona, Persona intesa come realt\u00e0 psichica corporea e sociale e di raggiungere un miglioramento della qualit\u00e0 della vita individuale, familiare, sociale e professionale. Lo studio si avvale della professionalit\u00e0 di un\u2019equipe di psicologi, psicoterapeuti di diversa formazione. Nel campo sociale lo staff del Centro \u00e8 impegnato nel volontariato. RESPONSABILE Dott. Giuseppe Sequino Psicologo indirizzo Clinico e di Comunit\u00e0; Licenciado en Psicolog\u00eda (Espa\u00f1a); Psicologo volontario ANDOS odv Comitato di Aversa (CE) MNCP UK, NCP Snr Accred of Full Membership, registration number 305195; SQHP (Senior Qualification in Hypnotherapy Practice) UK, GHR registered 5508; Certified Hypnotist AAH; Responsabile del E.I.C.T.; Responsabile Centro Ascolto Psicologi Associati, Aversa (CE); Licensed Hypno-Band Practitioner; Director of &#8220;London School of Hypnotherapy Psychotherapy and Counselling&#8221; LTD.-UK. Director of SEMTHERAPY LTD- London (UK). Collaboratori Dott.ssa Nicoletta De Stefano Dott.ssa Antonella Mazzara Dott.ssa Chiara Esposito Aiardo Dott.ssa Margherita Asterope Dott.ssa Paola Realino\" \/>\r\n<meta property=\"og:url\" content=\"https:\/\/www.centroascolto.net\/studio\/index.php\/chi_siamo\/\" \/>\r\n<meta property=\"og:site_name\" content=\"Centro Ascolto\" \/>\r\n<meta property=\"article:publisher\" content=\"https:\/\/www.facebook.com\/centro.ascolto.758\/?ref=br_rs\" \/>\r\n<meta property=\"article:modified_time\" content=\"2024-01-31T10:20:51+00:00\" \/>\r\n<meta name=\"twitter:card\" content=\"summary_large_image\" \/>\r\n<meta name=\"twitter:label1\" content=\"Tempo di lettura stimato\" \/>\n\t<meta name=\"twitter:data1\" content=\"2 minuti\" \/>\r\n<script type=\"application\/ld+json\" class=\"yoast-schema-graph\">{\"@context\":\"https:\/\/schema.org\",\"@graph\":[{\"@type\":\"WebPage\",\"@id\":\"https:\/\/www.centroascolto.net\/studio\/index.php\/chi_siamo\/\",\"url\":\"https:\/\/www.centroascolto.net\/studio\/index.php\/chi_siamo\/\",\"name\":\"Chi Siamo - Centro Ascolto\",\"isPartOf\":{\"@id\":\"https:\/\/www.centroascolto.net\/studio\/#website\"},\"datePublished\":\"2014-05-01T00:01:44+00:00\",\"dateModified\":\"2024-01-31T10:20:51+00:00\",\"breadcrumb\":{\"@id\":\"https:\/\/www.centroascolto.net\/studio\/index.php\/chi_siamo\/#breadcrumb\"},\"inLanguage\":\"it-IT\",\"potentialAction\":[{\"@type\":\"ReadAction\",\"target\":[\"https:\/\/www.centroascolto.net\/studio\/index.php\/chi_siamo\/\"]}]},{\"@type\":\"BreadcrumbList\",\"@id\":\"https:\/\/www.centroascolto.net\/studio\/index.php\/chi_siamo\/#breadcrumb\",\"itemListElement\":[{\"@type\":\"ListItem\",\"position\":1,\"name\":\"Home\",\"item\":\"https:\/\/www.centroascolto.net\/studio\/\"},{\"@type\":\"ListItem\",\"position\":2,\"name\":\"Chi Siamo\"}]},{\"@type\":\"WebSite\",\"@id\":\"https:\/\/www.centroascolto.net\/studio\/#website\",\"url\":\"https:\/\/www.centroascolto.net\/studio\/\",\"name\":\"Centro Ascolto\",\"description\":\"Psicologi Aversa\",\"potentialAction\":[{\"@type\":\"SearchAction\",\"target\":{\"@type\":\"EntryPoint\",\"urlTemplate\":\"https:\/\/www.centroascolto.net\/studio\/?s={search_term_string}\"},\"query-input\":{\"@type\":\"PropertyValueSpecification\",\"valueRequired\":true,\"valueName\":\"search_term_string\"}}],\"inLanguage\":\"it-IT\"}]}<\/script>\r\n<!-- \/ Yoast SEO plugin. -->","yoast_head_json":{"title":"Chi Siamo - Centro Ascolto","robots":{"index":"index","follow":"follow","max-snippet":"max-snippet:-1","max-image-preview":"max-image-preview:large","max-video-preview":"max-video-preview:-1"},"canonical":"https:\/\/www.centroascolto.net\/studio\/index.php\/chi_siamo\/","og_locale":"it_IT","og_type":"article","og_title":"Chi Siamo - Centro Ascolto","og_description":"Centro Ascolto, Studio Psicologi Associati; Il Centro Ascolto offre sul proprio territorio un servizio qualificato nell\u2019ambito della prevenzione e della cura del disagio psicologico. Nasce nel 2003 ad Aversa (CE), una piccola realt\u00e0 che nel tempo si estende aprendosi a varie discipline del benessere con l\u2019intento di offrire un luogo in cui offrire ascolto empatico. L\u2019obbiettivo \u00e8 di perseguire il benessere psicologico della persona, Persona intesa come realt\u00e0 psichica corporea e sociale e di raggiungere un miglioramento della qualit\u00e0 della vita individuale, familiare, sociale e professionale. Lo studio si avvale della professionalit\u00e0 di un\u2019equipe di psicologi, psicoterapeuti di diversa formazione. Nel campo sociale lo staff del Centro \u00e8 impegnato nel volontariato. RESPONSABILE Dott. Giuseppe Sequino Psicologo indirizzo Clinico e di Comunit\u00e0; Licenciado en Psicolog\u00eda (Espa\u00f1a); Psicologo volontario ANDOS odv Comitato di Aversa (CE) MNCP UK, NCP Snr Accred of Full Membership, registration number 305195; SQHP (Senior Qualification in Hypnotherapy Practice) UK, GHR registered 5508; Certified Hypnotist AAH; Responsabile del E.I.C.T.; Responsabile Centro Ascolto Psicologi Associati, Aversa (CE); Licensed Hypno-Band Practitioner; Director of &#8220;London School of Hypnotherapy Psychotherapy and Counselling&#8221; LTD.-UK. Director of SEMTHERAPY LTD- London (UK). Collaboratori Dott.ssa Nicoletta De Stefano Dott.ssa Antonella Mazzara Dott.ssa Chiara Esposito Aiardo Dott.ssa Margherita Asterope Dott.ssa Paola Realino","og_url":"https:\/\/www.centroascolto.net\/studio\/index.php\/chi_siamo\/","og_site_name":"Centro Ascolto","article_publisher":"https:\/\/www.facebook.com\/centro.ascolto.758\/?ref=br_rs","article_modified_time":"2024-01-31T10:20:51+00:00","twitter_card":"summary_large_image","twitter_misc":{"Tempo di lettura stimato":"2 minuti"},"schema":{"@context":"https:\/\/schema.org","@graph":[{"@type":"WebPage","@id":"https:\/\/www.centroascolto.net\/studio\/index.php\/chi_siamo\/","url":"https:\/\/www.centroascolto.net\/studio\/index.php\/chi_siamo\/","name":"Chi Siamo - Centro Ascolto","isPartOf":{"@id":"https:\/\/www.centroascolto.net\/studio\/#website"},"datePublished":"2014-05-01T00:01:44+00:00","dateModified":"2024-01-31T10:20:51+00:00","breadcrumb":{"@id":"https:\/\/www.centroascolto.net\/studio\/index.php\/chi_siamo\/#breadcrumb"},"inLanguage":"it-IT","potentialAction":[{"@type":"ReadAction","target":["https:\/\/www.centroascolto.net\/studio\/index.php\/chi_siamo\/"]}]},{"@type":"BreadcrumbList","@id":"https:\/\/www.centroascolto.net\/studio\/index.php\/chi_siamo\/#breadcrumb","itemListElement":[{"@type":"ListItem","position":1,"name":"Home","item":"https:\/\/www.centroascolto.net\/studio\/"},{"@type":"ListItem","position":2,"name":"Chi Siamo"}]},{"@type":"WebSite","@id":"https:\/\/www.centroascolto.net\/studio\/#website","url":"https:\/\/www.centroascolto.net\/studio\/","name":"Centro Ascolto","description":"Psicologi Aversa","potentialAction":[{"@type":"SearchAction","target":{"@type":"EntryPoint","urlTemplate":"https:\/\/www.centroascolto.net\/studio\/?s={search_term_string}"},"query-input":{"@type":"PropertyValueSpecification","valueRequired":true,"valueName":"search_term_string"}}],"inLanguage":"it-IT"}]}},"_links":{"self":[{"href":"https:\/\/www.centroascolto.net\/studio\/index.php\/wp-json\/wp\/v2\/pages\/1219","targetHints":{"allow":["GET"]}}],"collection":[{"href":"https:\/\/www.centroascolto.net\/studio\/index.php\/wp-json\/wp\/v2\/pages"}],"about":[{"href":"https:\/\/www.centroascolto.net\/studio\/index.php\/wp-json\/wp\/v2\/types\/page"}],"author":[{"embeddable":true,"href":"https:\/\/www.centroascolto.net\/studio\/index.php\/wp-json\/wp\/v2\/users\/1"}],"replies":[{"embeddable":true,"href":"https:\/\/www.centroascolto.net\/studio\/index.php\/wp-json\/wp\/v2\/comments?post=1219"}],"version-history":[{"count":12,"href":"https:\/\/www.centroascolto.net\/studio\/index.php\/wp-json\/wp\/v2\/pages\/1219\/revisions"}],"predecessor-version":[{"id":2521,"href":"https:\/\/www.centroascolto.net\/studio\/index.php\/wp-json\/wp\/v2\/pages\/1219\/revisions\/2521"}],"wp:attachment":[{"href":"https:\/\/www.centroascolto.net\/studio\/index.php\/wp-json\/wp\/v2\/media?parent=1219"}],"curies":[{"name":"wp","href":"https:\/\/api.w.org\/{rel}","templated":true}]}}